te (-13 - 11) + 20 + (2 - 2) + 31.
27
-10 - (12 + -12) - -11
1
Calculate 1 - (-14 - (12 + -15)) - 7.
5
Evaluate -13 - ((13 - 25) + -2).
1
-100 + 67 - (1 - 3) - -9
-22
What is the value of 2 - (17 - (4 - (-4 - -4)))?
-11
Calculate 2 - (5 + (-16 - (8 + -18))) - 10.
-7
Evaluate (16 - 23) + (-2 - -16) - -2.
9
What is the value of -4 + (-21 - -2 - (10 + -16 + -1))?
-16
(-1 + -2 - 22) + (160 - 146)
-11
Calculate 2 - 1 - (-12 + (-18 - -23)).
8
Calculate -17 + -2 + 8 + (-7 - 8).
-26
Evaluate -18 - -13 - -1 - ((-8 - -2) + -1).
3
Calculate 11 - (-4 + -1 - -23).
-7
Calculate 9 + 2 + -6 - (8 + 18).
-21
2 + -5 - 3 - (12 + -12)
-6
What is 13 + (-7 + 19 - (7 - 3))?
21
Calculate 24 + -6 + -4 + -2 + 7.
19
Evaluate 3 + -10 + 13 - (0 + 1).
5
Calculate (-143 - -150) + (1 - 0).
8
-6 + (-3 - -15) - (-10 - -9)
7
What is 53 + -57 - (2 + 1 + -6)?
-1
Evaluate 37 + (3 - 0 - 8) - (-2 + 5).
29
Evaluate 3 + (0 - 4) + -147 + 138.
-10
Calculate -18 + (-20 - -20 - -20).
2
Evaluate -5 + (20 + -10 - 5).
0
Calculate (-59 - -1) + 24 + 9.
-25
What is the value of -13 - (0 - -3 - (-16 - -19))?
-13
Evaluate (5 - (-3 - -7) - 4 - 2) + 3.
-2
What is the value of 7 + 1 + (23 - 10 - 19 - 17)?
-15
What is the value of (-13 + (-3 - -7) - 1) + (1 - 0)?
-9
Evaluate 17 - ((45 - 3) + -12).
-13
7 - (12 + -28 + 20) - (-9 - -1)
11
What is the value of -39 + -2 + 40 + (0 + -1 - 5)?
-7
16 - -1 - -2 - (26 + -43 - -23)
13
What is 0 + -20 + 4 + 9?
-7
What is 3 + 3 + -5 + 4 + 2 + -20?
-13
Evaluate 2 + (0 - -19 - 14).
7
Evaluate 587 + -612 + 0 + 47.
22
Evaluate (5 - 3) + 7 + 4.
13
Evaluate -17 - -21 - 0 - -7.
11
Calculate (-1 - 11) + (53 - 41) - -9.
9
What is the value of 3 + 27 + 13 - 10?
33
-3 + 16 + -17 + 1 + 0
-3
Calculate 16 + 34 + -5 + -46.
-1
What is the value of -9 - (-7 + 2 + 11 - 3)?
-12
Evaluate (6 + -13 + -3 - -7) + 2.
-1
What is -26 - (13 - 51) - (3 - -10)?
-1
What is the value of 0 - (16 - (65 - 28))?
21
What is the value of (3 - 8 - 9) + 13?
-1
What is the value of 4 + 2 + (-228 - -233)?
11
Evaluate -5 + 5 + 7 - (8 - 12).
11
10 + (-14 - 7) + 0
-11
Calculate 7 + (1 + 1 - 4) + (-1 - 11).
-7
What is the value of (17 - 25) + 12 - -5?
9
Evaluate -2 + 23 + -9 + -1.
11
Calculate 0 + -12 + (-57 - (-31 + -11)).
-27
Evaluate 13 + (-38 - -26) - 5.
-4
Calculate 1 + -3 + (-1744 - -1749).
3
What is 6 + (-12 - (-15 - (-17 - 2)))?
-10
Evaluate -7 + 1 + (-206 - -215).
3
What is the value of 10 + (12 - 35) + 10 - -7?
4
Evaluate 5 + -1 + -4 + 8 + -6.
2
Evaluate 8 + 5 + 18 + -47.
-16
Evaluate -12 - -8 - (-21 - -6).
11
-17 + 4 - (-26 - 8)
21
What is the value of 34 - (31 + -28 + 31)?
0
15 + (12 + -2 - 10 - 5)
10
8 - (8 + 2 + -9)
7
What is the value of (14 - (-10 + 22)) + (16 - 1) - 2?
15
-1 + -11 + (12 + -6 + 6 - 10)
-10
2 + -1 + (-6 + 16 - 4 - 6)
1
What is the value of -1 - (2 + -17) - (25 - 17) - -9?
15
What is the value of 0 + 1 - (-182 - -183)?
0
Calculate -25 - (-6 + -7 - 1).
-11
1 + 3 + -3 + (11 - 6) - 24
-18
What is the value of -30 - (-22 + -11) - (36 - (-3 - -4))?
-32
Calculate 18 - (-2 + 8 - (-1 + -2)).
9
Calculate -1 + 47 + -3 + -23.
20
-31 - (3 + 11 + -22)
-23
What is -9 - (-1 - (-7 - 3))?
-18
What is the value of -5 + (-18 + 6 - -12 - (5 + 1))?
-11
What is the value of -2 - (-3 + (11 - 9 - 7 - -10))?
-4
Calculate -22 + 9 + 1 + -2 - 2.
-16
What is 2 - -4 - -4 - (-8 - (5 - 19))?
4
3 + (-13 + (0 - -7) - 1)
-4
What is the value of -9 - ((0 - 8) + 2 + 12 - -1)?
-16
What is the value of -2 + -2 + 20 + (-12 - -1)?
5
6 + -3 + (0 - 0)
3
Calculate 17 + -18 + (-16 - -7).
-10
Evaluate 10 - (-6 - (3 + (-7 - 4))).
8
What is the value of -8 + (7 - (6 - 9))?
2
(-8 - (1 - 0)) + 40 + (28 - 62)
-3
Evaluate 2 - 1 - (151 + -145).
-5
What is 34 + 1 - (-299 + 318) - 4?
12
-22 - 1 - (-5 + -9 + 4)
-13
What is 40 - 32 - ((-1 + 9 - 0) + 0)?
0
Calculate (2 - 2) + (-22 - -5) - -10.
-7
What is (3 - -9) + (-2 - (5 + (0 - 5)))?
10
-5 - ((7 - 2) + -11) - 12
-11
Evaluate 11 + -1 + (5 + 7 + -7 - 8).
7
What is (16 - (9 - (-3 - -3))) + 1 + -31?
-23
What is the value of -12 - (-16 + 14 + 16 - 24)?
-2
What is the value of -1 + 15 + -16 + -7?
-9
(-12 + 9 + 8 - 14) + 25
16
What is (-21 - -5) + 16 + (3 - (10 + 0))?
-7
Calculate (5 + -14 - -3) + 1.
-5
Calculate 9 + (-2 - ((5 - 7) + -3)).
12
Calculate -15 + (6 - (-10 + -16 + 11)).
6
Evaluate 79 - 64 - (10 + (-9 - -9)).
5
What is -25 + (12 - 13) - (8 + 3 + -7)?
-30
What is the value of 14 + -4 - (8 - (8 - -3))?
13
What is the value of (5 - (11 - 3) - -9) + (11 - -2)?
19
8 - (-64 - -62 - (16 - 3))
23
What is the value of (4 - (1 - -12)) + 14?
5
-43 + 36 - (21 + -7)
-21
4 + (-37 + 1 - (26 + -36))
-22
-2 + 6 + (-23 - -10) - 10
-19
What is the value of (-8 - -20) + (-2 - 8)?
2
What is the value of 5 + -20 + (72 - 45)?
12
What is the value of 3 + -2 - -1 - (2 + -5)?
5
Calculate -1 + 4 - 3 - (122 + -122).
0
What is -2 + 0 + -3 + (-13 + -13 - -37)?
6
6 - (11 + -1 + -1)
-3
Evaluate 7 - -1 - (7 + (24 - 32)).
9
What is 1 - 2 - (18 + (-25 - -19))?
-13
(-2834 - -2820) + (-1 - -23) + -1
7
Evaluate (-2 - (11 - 14) - -5) + (-4 - 0).
2
What is the value of (-37 - -37) + 6 + 29?
35
What is 13 + (-6 - 15) - -22?
14
What is the value of 9 + -15 + -6 + 24?
12
What is the value of (-931 - -955) + -21 + 0?
3
What is 5 + (4 - (6 + -1)) + -2?
2
Calculate -7 - -5 - (7 + -11 - (-7 - 0)).
-5
Calculate 11 - (-4 + (8 - 11) - 0).
18
Evaluate 8 + 2 - ((-8 - 31) + 72).
-23
What is 7 - (9 + -21 - -13)?
6
Evaluate 4 + (1 - 3) + (-4 - -9).
7
Calculate 6 + 1 - (-14 + (-8 - -9)).
20
Evaluate 65 + (-5 - 44) - (35 - 2).
-17
Calculate 5 + -1 + -5 + 0 + -155 + 155.
-1
What is 2 + (3 - -12) + 6 + -4?
19
What is the value of -8 + 0 - (-18 - (-3 - -3))?
10
What is the value of (-1 + 4 - -8) + (8 - 17)?
2
What is the value of 0 + 0 - (-5 + -1) - (47 - 23)?
-18
What is the value of 1 + 8 + -3 - 10 - 10?
-14
What is 15 + 12 + -15 - (-1 - (1 + -7))?
7
Evaluate 12 + -16 + 28 + -33.
-9
Calculate -8 - (-84 + 76 + 2 + -16).
14
Evaluate -46 + (30 - -27 - 2).
9
What is the value of (-6 - (4 - (7 - 9) - 22)) + -25?
-15
What is the value of 2 + (-3 - -4) + (-1 - -9 - 16)?
-5
Calculate -2 - (9 + -11 + 2 + 10).
-12
What is 13 + (-9 - -1 - (0 + -3))?
8
Evaluate 27 + (13 - (13 + -1 - -11)).
17
What is the value of 4 + -20 + 10 + (13 - -2)?
9
(1602 - 1608) + (-2 - (-3 - -2) - -12)
5
41 - -1 - (4 - (-4 + -6))
28
15 - (-4 - (-13 + -8))
-2
What is (-3 - 4) + (3 + 15 - 7)?
4
What is the value of -5 + (1 + -6 - -5) + (-1 - -4)?
-2
Calculate 209 - 213 - ((-2 - -3) + (-3 - 4)).
2
Calculate -5 + (-6 - -15) - (5 + -4 + 10).
-7
Evaluate (65 + 3 - 43) + -38.
-13
Evaluate 3 - -4 - (-343 - -376).
-26
Evaluate -2 + -2 - (-20 + 14 - (-3 + 2)).
1
Calculate (16 - 15) + 2 + (-6 - -7) + -22.
-18
-12 + (37 - 26 - 5)
-6
-6 + 21 - (7 - 5)
13
Calculate (-9 - -3) + (-130 - -138).
2
Calculate -11 - ((30 - -8) + -53).
4
Evaluate 2 - (-3 + -4 + 19) - 0.
-10
What is 45 - ((42 - 33) + 35)?
1
7 + (-1 - -10 - (-91 + 74))
33
What is 5 - 16 - -9 - (1 - -3)?
-6
What is the value of -1 + -27 + 8 + (10 - 20)?
-30
What is the value of 9 + -3 + 0 + 6 + -1 + -4?
7
What is the value of (6 - (-13 - -8)) + (-4 - 0) + -2?
5
What is (-3 - (1 - 2)) + (2 - 1)?
-1
Calculate 1 + 17 - (18 - (1 - -10)).
11
What is 33 + -18 + -27 + 1?
-11
What is 3 + 11 + (-10 - -1)?
5
What is 4 - (-2 - (-9 - -6))?
3
Calculate -12 + 8 + 7 + 6 + -3 + -16.
-10
Calculate 8 - (36 + (-31 - -11)).
-8
What is -2 + (-3 - 10) + 21?
6
What is 6 + -5 - (-12 + 13 + -1)?
1
-4 + (-8 - -11) - 10
-11
What is -32 - (-243 + 230 - (1 - 0))?
-18
(-1 - (-1 + -7)) + 285 + -292
0
-9 + 4 - (0 - -14 - 22)
3
Calculate (-4 - -11) + (-12 - 0) + 26.
21
Evaluate -4 - -6 - (0 + (-2 + 5 - 5)).
4
Calculate 6 - (-17 + 4 + 10) - (-2 - -9).
2
What is the value of -22 + 3 + (-4 - 2 - -9) - -3?
-13
What is the value of -10 - -3 - (-17 + 2 + 2 + -5)?
11
Evaluate (39 - 30) + (-4 - 5 - 0) + -20.
-20
What is -7 + -1 - (-44 + 121 + -66)?
-19
2 - 0 - (7 - (53 - 34))
14
What is -13 + 3 + 4 + 3?
-3
Calculate (11 - (5 - -9)) + 2 - 1.
-2
2 + 0 + -1 + 3 + -120 + 108
-8
Calculate 5 + 1 + -6 - ((8 - 4) + -7).
3
What is 10 + -13 + 11 + -2 + 2 + -1?
7
Calculate (1 - (37 - 73)) + -41.
-4
Calculate -10 + -2 + -3 + (10 - (0 + 16)).
-21
Calculate 5 - (-36 + 36 - (0 - (1 + 3))).
1
Evaluate -6 + -19 + (1 - -15).
-9
Calculate 29 - 10 - (-5 + 3 + 4 - 10).
27
What is the v